{"id":17,"date":"2024-03-21T14:19:55","date_gmt":"2024-03-21T14:19:55","guid":{"rendered":"https:\/\/nethegau.flugplatz-hx.de\/?page_id=17"},"modified":"2025-10-07T14:21:24","modified_gmt":"2025-10-07T12:21:24","slug":"startseite","status":"publish","type":"page","link":"https:\/\/fliegerclub-nethegau.de\/","title":{"rendered":"Startseite"},"content":{"rendered":"\n<div class=\"wp-block-cover is-light hestia-clear-top-padding\"><span aria-hidden=\"true\" class=\"wp-block-cover__background has-white-background-color has-background-dim-100 has-background-dim\"><\/span><div class=\"wp-block-cover__inner-container is-layout-flow wp-block-cover-is-layout-flow\">\n<h2 class=\"wp-block-heading has-text-align-center has-text-color\" style=\"color:#3c4858\">Fliegen lernen beim Fliegerclub Nethegau e.V.<\/h2>\n\n\n\n<div class=\"wp-block-columns are-vertically-aligned-center is-layout-flex wp-container-core-columns-is-layout-28f84493 wp-block-columns-is-layout-flex\">\n<div class=\"wp-block-column is-vertically-aligned-center is-layout-flow wp-block-column-is-layout-flow\"><div class=\"wp-block-image\">\n<figure class=\"alignright size-large\"><img loading=\"lazy\" decoding=\"async\" width=\"682\" height=\"1024\" src=\"https:\/\/fliegerclub-nethegau.de\/wp-content\/uploads\/2025\/06\/Gross-L1730169-682x1024.jpeg\" alt=\"\" class=\"wp-image-208\" srcset=\"https:\/\/fliegerclub-nethegau.de\/wp-content\/uploads\/2025\/06\/Gross-L1730169-682x1024.jpeg 682w, https:\/\/fliegerclub-nethegau.de\/wp-content\/uploads\/2025\/06\/Gross-L1730169-200x300.jpeg 200w, https:\/\/fliegerclub-nethegau.de\/wp-content\/uploads\/2025\/06\/Gross-L1730169-768x1152.jpeg 768w, https:\/\/fliegerclub-nethegau.de\/wp-content\/uploads\/2025\/06\/Gross-L1730169.jpeg 853w\" sizes=\"auto, (max-width: 682px) 100vw, 682px\" \/><\/figure>\n<\/div><\/div>\n\n\n\n<div class=\"wp-block-column is-vertically-aligned-center is-layout-flow wp-block-column-is-layout-flow\">\n<p class=\"has-text-align-left\">Unser Verein bietet neben dem Chartern moderner Luftfahrzeuge auch die M\u00f6glichkeit, insgesamt drei verschiedenen Lizenzen in unserer Vereinsflugschule zu erwerben.<\/p>\n\n\n\n<hr class=\"wp-block-separator has-alpha-channel-opacity\"\/>\n\n\n\n<h4 class=\"wp-block-heading\">Lizenzen<\/h4>\n\n\n\n<ul class=\"wp-block-list\">\n<li><strong>PPL(A):<\/strong><br>45 Stunden Praxis<br>90 Stunden Theorie<br>Kosten ca. 14.000 EUR<\/li>\n\n\n\n<li><strong>LAPL(A):<\/strong><br>30 Stunden Praxis<br>ca. 60 Stunden Theorie<br>Kosten ca. 9.000 EUR<\/li>\n\n\n\n<li><strong>SPL-UL<\/strong>:<br>30 Stunden Praxis<br>60 Stunden Theorie<br>Kosten ca. 6.000 EUR<\/li>\n<\/ul>\n<\/div>\n<\/div>\n\n\n\n<div style=\"height:0px\" aria-hidden=\"true\" class=\"wp-block-spacer\"><\/div>\n<\/div><\/div>\n\n\n\n<hr class=\"wp-block-separator has-alpha-channel-opacity\"\/>\n\n\n\n<h2 class=\"wp-block-heading\">Motorflug, Ultraleicht? Wo liegt der Unterschied?<\/h2>\n\n\n\n<p>Der Unterschied zwischen einem Motorflugschein und einem Ultraleichtflugschein liegt in der Art des Flugzeugs, das du fliegen darfst und in der Ausbildung, die du daf\u00fcr ben\u00f6tigst.<\/p>\n\n\n\n<p><strong>PPL-A<\/strong> <strong>(Private Pilote Licence)<\/strong><\/p>\n\n\n\n<p>Die Privatpilotenlizenz berechtigt dazu, einmotorige kolbengetriebene Landflugzeuge (in der Regel 2 bis 6 Sitze) als Pilot zu f\u00fchren. Das Abfluggewicht ist dabei an f\u00fcr sich unbegrenzt, typischerweise werden aber Luftfahrzeuge mit einem maximalen Abfluggewicht von bis zu 2 Tonnen genutzt.<\/p>\n\n\n\n<p>Die Ausbildung zum Motorflugschein besteht aus einem theoretischen und einem praktischen Teil. Der theoretische Teil umfasst etwa 90 Stunden Unterricht in Luftrecht, Meteorologie, Navigation, Flugzeugkunde und Flugleistung. Der praktische Teil umfasst mindestens 45 Stunden Flugtraining, davon mindestens f\u00fcnf Flugstunden im Alleinflug. Au\u00dferdem ist ein Funksprechzeugnis (BZF) sowie eine flugmedizinische Tauglichkeit Klasse 2 erforderlich.<\/p>\n\n\n\n<p>Nach bestandener Ausbildung kann auf die PPL-A weiter aufgebaut werden: Es besteht z.B. die M\u00f6glichkeit, die Nachtflug- oder Instrumentenfluglizenz zu erwerben. Auch eine Berechtigung f\u00fcr mehrmotorige Flugzeuge ist m\u00f6glich. Die PPL-A ist au\u00dferdem die Grundlage f\u00fcr weiterf\u00fchrende Lizenzen wie z.B. die Berufs- oder Verkehrspilotenlizenz.<\/p>\n\n\n\n<p><strong>LAPL-A (Light Aircraft Pilot Licence)<\/strong><\/p>\n\n\n\n<p>Mit der LAPL bist du dazu berechtigt, einmotorige Flugzeuge mit Kolbenmotor mit einer maximalen Abflugmasse bis zu 2.000 Kilogramm und maximal vier Personen an Bord zu f\u00fchren.<\/p>\n\n\n\n<p>Die Ausbildung erfordert mindestens 30 Stunden Praxis, davon 6 im Alleinflug. Ein Funksprechzeugnis ist weiterhin n\u00f6tig, allerdings reicht eine medizinische Tauglichkeit nach LAPL aus. Der Vorteil gegen\u00fcber der PPL-A liegt also in der reduzierten Praxisausbildung, was Kosten spart. Auch mit einem LAPL ist z.B. der Erwerb einer Nachtflugberechtigung m\u00f6glich.<\/p>\n\n\n\n<p><strong>Aerodynamisch gesteuerte Ultraleichtflugzeuge (SPL-UL)<\/strong><\/p>\n\n\n\n<p>Diese Lizenz berechtigt dazu, aerodynamisch gesteuerte Ultraleichtflugzeuge mit einer maximalen Abflugmasse von 600 kg zu f\u00fchren. Es kann dabei h\u00f6chstens ein Passagier mitfliegen, Ultraleichtflugzeuge sind maximal zweisitzig.<\/p>\n\n\n\n<p>Die Ausbildung zum Ultraleichtflugschein besteht aus einem theoretischen und einem praktischen Teil. Der theoretische Teil umfasst etwa 60 Stunden Unterricht in Luftrecht, Meteorologie, Navigation und Flugzeugkunde. Der praktische Teil umfasst 30 Stunden Flugunterricht. Ein Sprechfunkzeugnis ist nicht erforderlich, eine medizinische Tauglichkeit Klasse LAPL ist ebenfalls ausreichend.<\/p>\n\n\n\n<p>Der Vorteil liegt in den deutlich reduzierten Kosten: Eine Flugstunde in Ultraleichtflugzeugen kann je nach Anbieter bereits ab etwa 100 EUR zu haben sein, w\u00e4hrend man bei gr\u00f6\u00dferen Motorflugzeugen schnell auf mindestens das doppelte kommt. Nachteilig ist jedoch, dass kaum auf die Lizenz aufgebaut werden kann. Nacht-, Instrumentenflug sowie das F\u00fchren mehrmotoriger Flugzeuge ist nicht m\u00f6glich. Trotzdem erfreut sich Ultraleichtfliegen immer gr\u00f6\u00dfer werdender Beliebtheit.<\/p>\n\n\n\n<p><strong>Welche Lizenz ist die richtige f\u00fcr mich?<\/strong><\/p>\n\n\n\n<p>Welche Lizenz die richtige f\u00fcr dich ist, h\u00e4ngt davon ab, welche Art von Flugzeug du fliegen m\u00f6chtest und ob du noch weitere fliegerische Ziele hast. Wenn du Flugzeuge mit mehr als zwei Sitzpl\u00e4tzen oder mehreren Motoren fliegen m\u00f6chtest, ben\u00f6tigst du einen Motorflugschein. Reichen dir zwei Sitzpl\u00e4tze jedoch vollkommen aus, kann auch ein Ultraleichtflugschein der richtige f\u00fcr dich sein. Unsere Empfehlung ist ein pers\u00f6nliches Gespr\u00e4ch mit einem Fluglehrer oder die Teilnahme an einem Schnupperflug auf den verschiedenen Flugzeugen.<\/p>\n\n\n\n<hr class=\"wp-block-separator has-alpha-channel-opacity\"\/>\n","protected":false},"excerpt":{"rendered":"<p>Unser Verein bietet Ihnen die M\u00f6glichkeit, Ihre Flugausbildung in etwa einem Jahr abzuschlie\u00dfen.<\/p>\n","protected":false},"author":1,"featured_media":0,"parent":0,"menu_order":0,"comment_status":"closed","ping_status":"closed","template":"","meta":{"footnotes":""},"class_list":["post-17","page","type-page","status-publish","hentry"],"aioseo_notices":[],"_links":{"self":[{"href":"https:\/\/fliegerclub-nethegau.de\/index.php?rest_route=\/wp\/v2\/pages\/17","targetHints":{"allow":["GET"]}}],"collection":[{"href":"https:\/\/fliegerclub-nethegau.de\/index.php?rest_route=\/wp\/v2\/pages"}],"about":[{"href":"https:\/\/fliegerclub-nethegau.de\/index.php?rest_route=\/wp\/v2\/types\/page"}],"author":[{"embeddable":true,"href":"https:\/\/fliegerclub-nethegau.de\/index.php?rest_route=\/wp\/v2\/users\/1"}],"replies":[{"embeddable":true,"href":"https:\/\/fliegerclub-nethegau.de\/index.php?rest_route=%2Fwp%2Fv2%2Fcomments&post=17"}],"version-history":[{"count":31,"href":"https:\/\/fliegerclub-nethegau.de\/index.php?rest_route=\/wp\/v2\/pages\/17\/revisions"}],"predecessor-version":[{"id":223,"href":"https:\/\/fliegerclub-nethegau.de\/index.php?rest_route=\/wp\/v2\/pages\/17\/revisions\/223"}],"wp:attachment":[{"href":"https:\/\/fliegerclub-nethegau.de\/index.php?rest_route=%2Fwp%2Fv2%2Fmedia&parent=17"}],"curies":[{"name":"wp","href":"https:\/\/api.w.org\/{rel}","templated":true}]}}